t is the units digit of k(j)?
9
Suppose -t + 844 = 3*x + 4*t, 2*t = 3*x - 809. What is the hundreds digit of x?
2
Suppose 56*m - 1467 = 47*m. What is the units digit of m?
3
Let p be 0 - 24 - (-80)/(-20). Let z = p + 60. What is the tens digit of z?
3
Suppose -5*d = -s + 13, 68*d - 91 = -3*s + 70*d. What is the units digit of s?
3
Let p(u) = 254*u - 257. What is the hundreds digit of p(12)?
7
Let h(m) = m**2 - 11*m + 20. Let n be h(9). Suppose -1 - 7 = -n*p. Suppose 0 = -10*c + 14*c - p. What is the units digit of c?
1
Let w be 4 + 1 + -1 - 0. Suppose -w*c - 36 = -7*c. What is the units digit of c?
2
Let l(k) = -k + 2. Let i(n) = -n + 12. Let m be i(12). What is the units digit of l(m)?
2
What is the hundreds digit of ((-1003)/(-34) + -15)/(1/98)?
4
Let a be ((-16)/2)/((-9)/(-18)). Let i(t) = t + 16. Let k be i(a). Suppose -6*s + 165 + 117 = k. What is the tens digit of s?
4
Suppose -3*q - 2*c - 41 = 0, -3*q + 0*c - 36 = 3*c. What is the tens digit of (-4 - q) + 3 + -4?
1
Suppose 3704 = 4*q - 3*q - u, 14822 = 4*q - 2*u. What is the hundreds digit of q?
7
Let n(x) = -2*x + 1. Let z(y) be the first derivative of y**3/3 + 5*y**2 + 14*y - 3. Let p be z(-6). What is the tens digit of n(p)?
2
Let u(k) = -6*k**2 - 3*k - 4. Let c be u(-2). Let p = c + 52. What is the units digit of -2 - 7/((-21)/p)?
8
Let y(m) = m + 26. Let c be y(-22). Suppose -5*p - 4*a = -760, -3*p + 7*p = -c*a + 608. What is the hundreds digit of p?
1
Let r(k) = 5*k + 8. Let o be r(6). Suppose 67 = -3*w - o. Let g = w + 49. What is the tens digit of g?
1
Let t = -58 - -125. What is the tens digit of t + (1 - (-3)/(-3))?
6
Let c = 75 - 132. Let i = 84 + c. What is the units digit of i?
7
Let q(i) = 20*i - 68. Let n(r) = -1. Let b(d) = -n(d) + q(d). What is the units digit of b(12)?
3
Suppose -9 = 4*t - 1. What is the tens digit of -6*t/(-4)*-74?
2
Let m(a) = -a**3 + 9*a**2 + a + 6. Let n be m(6). Suppose 0 = -5*c - 0*c - n. What is the units digit of c/18*(-15)/2?
0
Suppose 5*x - 71 = 169. Suppose x = -0*t + t + p, -120 = -3*t + 5*p. What is the units digit of t?
5
Let q(j) = 2*j**2 - j - 2. Let h be 11/4 - 1/(-4). Suppose 7 - 1 = h*a. What is the units digit of q(a)?
4
Suppose 7*i - 80 = 11*i. Let v = i + 36. What is the units digit of v?
6
Let s(t) = 2*t**2 + 79*t + 3167. What is the thousands digit of s(0)?
3
Let r be (-2)/(-8) + (-23)/(-4). Suppose 16 = -4*p, r = -5*v - p + 22. Suppose m + 0*c - 4*c = 12, -v*c + 28 = m. What is the tens digit of m?
2
Suppose 0 = 112*q - 108*q - 2056. What is the hundreds digit of q?
5
Let a(y) = -y**2 + 30*y - 58. Let z be a(24). Let m = 331 - z. What is the tens digit of m?
4
Suppose -4*v - c + 3239 = 0, 4*v - 6*v + 3*c = -1609. What is the hundreds digit of v?
8
Let l = -1098 + 2254. What is the thousands digit of l?
1
Suppose -37*f + 31*f + 2376 = 0. What is the tens digit of f?
9
Let o(d) = d**3 - 2*d + 60. Let l(w) = -2*w. Let s be l(0). Let p be o(s). What is the units digit of (-2 + p)*(-1)/(-2)?
9
Suppose -2*c - 12 = 4*j, 4*j = 5*c - 41 + 1. Suppose 3 = 3*k - 0, 5*g = c*k + 516. What is the units digit of g?
4
Suppose 6*l - 2*l = -y + 4, -l = -1. Suppose 2*k - 6 = -z + 3*k, y = 2*z + 3*k - 7. What is the units digit of (-4)/6*(-1 - z)?
4
Suppose -10*w - 21006 = -28*w. What is the tens digit of w?
6
Suppose 0*o + 28 = r + 5*o, -r + 4*o = 17. Suppose -c + 2 = -r. Suppose -c*q + 385 = 2*q. What is the tens digit of q?
5
Suppose -26*g = -21378 - 9198. What is the tens digit of g?
7
Suppose -3*t + 118 = -3*g + 7*g, -t + 5*g = -52. What is the units digit of t?
2
Let o be 4/8*(-23 - 1). Let r(l) = -l**3 - 17*l**2 - 15*l - 1. Let k(g) = g**2 + g. Let b(u) = -4*k(u) - r(u). What is the tens digit of b(o)?
1
Suppose 2*s = -2*x + 38, -21 = -s + 2*x - x. Let w = s + -4. What is the tens digit of w?
1
Suppose -w - 3*u = -3*w - 11, 0 = -2*w - u + 9. Suppose w*r + 36 = 3*r. Suppose -f + 4*z = -5*f + 24, -r = -2*f + 4*z. What is the units digit of f?
0
Suppose -6 = -4*p + 2*p. Suppose 2*h = p*h. What is the units digit of h + 15 - (-1 - -3)?
3
Let v(i) = i**2 - 2*i + 4. Let c be v(-3). Suppose -143 = -10*j + 197. Let z = j - c. What is the units digit of z?
5
Suppose -b - 89 = -5*b + l, 5*b - 90 = -3*l. Suppose -5 = -b*g + 16*g. What is the units digit of 1 + -1 + g + 9?
0
Let m = 107 - 105. Suppose 3*g - 6*g + 396 = 4*h, -m*g = -h + 110. What is the tens digit of h?
0
Suppose -5*t + 370 = -285. Let k = t + -196. Let h = 120 + k. What is the units digit of h?
5
Let m be ((-4)/(-1))/((-2)/(-1)). Suppose 0 = 2*w + 3*n - 85, n - 180 = -3*w - m*w. Let y = -9 + w. What is the units digit of y?
6
Suppose 4*w = -7 - 5. What is the units digit of -4 + w/((-6)/26)?
9
Suppose 0 = -9*v + 2793 + 2571. What is the hundreds digit of v?
5
Let y(h) = 40*h**2 - 64*h - 39. What is the units digit of y(7)?
3
Suppose -5*y + 2*v + 18 = 0, -3*v = -2*y + 5 - 0. Suppose y*a = 10 - 26. What is the tens digit of 66*a/(-12 + 0)?
2
Let f be ((-3)/3 + 1)/2. What is the tens digit of 71/(f + -1 + 2)?
7
Let l(p) = -28*p + 3. Let q = 23 - 18. Suppose 3*n - 2 = q*n. What is the tens digit of l(n)?
3
Suppose 101*u - 3285 = 96*u. Let b = -344 + u. What is the tens digit of b?
1
Let p = -26 - -95. Let c = -64 + p. What is the units digit of c?
5
Suppose -4 = -4*y, 4*d - 1018 - 898 = -4*y. Suppose -3*m - 46 + d = 0. Suppose -4*v + m = -v. What is the tens digit of v?
4
Let t be 2 - 4/(-4 - 0). Let b = t + -1. Suppose 0 = b*w - 11 - 29. What is the units digit of w?
0
Suppose -v + 4*y + 38 - 12 = 0, 2*v = 3*y + 57. Suppose 2*d - v = -6. What is the tens digit of d?
1
Let y = -403 - -664. What is the hundreds digit of y?
2
What is the units digit of 306/7 + 1 + 2/7?
5
Let l be 11/(-33) + (-19)/(-3). Let o(y) = -2*y - 2. Let b be o(l). Let a = -6 - b. What is the units digit of a?
8
Let f be (-119)/(-28) - 2/8. Suppose 523 - 63 = f*p. What is the tens digit of p?
1
Let m(a) = -6*a**3 - 2*a**2 - 3*a - 1. Let i be m(-1). Suppose 8*o - i*o - 76 = 0. What is the units digit of o?
8
Let j = 151 + -21. Let n = j - 63. What is the tens digit of n?
6
What is the units digit of 42/56*(1 + 319) - 5?
5
What is the hundreds digit of -108*((-2 - 8/(-3)) + -15)?
5
Suppose 5*r = -4*n + 19627, 3*r - 5*r = -2*n - 7858. What is the units digit of r?
7
Let p(a) = -a**3 - 5*a**2 - 5*a - 1. Let r be p(-4). Suppose r*j + j = 0. Suppose 2*h - 25 - 35 = j. What is the tens digit of h?
3
Let n(p) = -2 - 4*p - 11 + 2*p + p. Let w be n(0). Let r = 19 - w. What is the units digit of r?
2
Let o(z) = -6*z**3 - 16*z**2 - 20*z - 35. What is the hundreds digit of o(-8)?
1
Let a = -54 + 101. Suppose 0 = -2*f - a + 191. What is the units digit of f?
2
Suppose 11*b - 5590 = -1311. What is the units digit of b?
9
Let r = -354 - -1098. What is the units digit of r?
4
Suppose 82*c - 81*c = 5*s + 893, -c = -3*s - 885. What is the units digit of c?
3
Suppose 690*h = 703*h - 11167. What is the hundreds digit of h?
8
What is the thousands digit of 11 - 2 - -2277 - -6?
2
Suppose 25*x = 54292 + 12358. What is the thousands digit of x?
2
Let w = -421 - -247. Let p = -141 - w. What is the units digit of p?
3
Let d = -868 - -1273. What is the hundreds digit of d?
4
Suppose 0*d + 125 = -5*d. Let p = d - -105. What is the tens digit of p?
8
Let z be (1*-6 + -2)*2. Let f be 3/(-15) + z/(-5). Suppose 16 = -f*x - 5*t + 130, -38 = -x - 2*t. What is the tens digit of x?
3
Let f(i) = 2*i**2 - 5*i + 4. Suppose 20*k + 30 = 14*k. What is the units digit of f(k)?
9
Suppose 5*r - 170 = a, r + 185 = 6*r - 4*a. What is the tens digit of r?
3
Let l(t) = t**2 + 10. Let a be l(0). What is the units digit of -26*1*(-5)/a?
3
Suppose 660 = 3*c + 3*n, -5*c + 1640 = 2*n + 549. Suppose 5*y = 33 + c. Suppose -6*g + 4*g + y = 0. What is the units digit of g?
5
Let f be 3/((-55)/(-20) + -3). Let u be (8/f)/((-1)/(-6)). What is the tens digit of (3/(-12))/(u/208)?
1
Suppose 4*h - k - 23 = 0, 3*k - 9 = -h - 0*k. Let u be (-12)/8*(-8)/h. Suppose u*l + 63 = i - 2*l, -4*l + 114 = 2*i. What is the tens digit of i?
5
Let m = -22 + 18. Let n be -4 + 12/3 + m. What is the tens digit of (34/n)/(4/(-8))?
1
Let b = 2614 - 1403. What is the thousands digit of b?
1
Suppose -2*r - 7 = 17. Let c = r + 12. Suppose 2*y - 89 + 5 = c. What is the tens digit of y?
4
Suppose 7 = 5